{"id":1051,"date":"2023-03-30T10:56:12","date_gmt":"2023-03-30T10:56:12","guid":{"rendered":"https:\/\/www.cz-lindbergh.cz\/?post_type=product&#038;p=1051"},"modified":"2023-04-07T14:31:43","modified_gmt":"2023-04-07T14:31:43","slug":"poloautomaticky-narezovy-stroj-a-300-cl","status":"publish","type":"product","link":"https:\/\/www.cz-lindbergh.cz\/?product=poloautomaticky-narezovy-stroj-a-300-cl","title":{"rendered":"Poloautomatick\u00fd n\u00e1\u0159ezov\u00fd stroj A 300\/CL"},"content":{"rendered":"<p>Poloautomatick\u00fd gravita\u010dn\u00ed n\u00e1\u0159ezov\u00fd stroj o pr\u016fm\u011bru no\u017ee 300 mm.<\/p>\n<p>Je ur\u010den pro velkos\u00e9riovou v\u00fdrobu a umo\u017e\u0148uj\u00ed kr\u00e1jen\u00ed velk\u00fdch produkt\u016f. D\u00edky vysok\u00e9mu stupni sklonu (45\u00b0) a v\u011bt\u0161\u00ed z\u00e1kladov\u00e9 desce, ne\u017e jin\u00e9 srovnateln\u00e9 modely, m\u00e1 tento stroj v\u011bt\u0161\u00ed dr\u00e1hu san\u00ed a nab\u00edz\u00ed tak lep\u0161\u00ed kapacitu kr\u00e1jen\u00ed. Tento stroj je vybaven dv\u011bma nez\u00e1visl\u00fdmi motory (jeden pro pohyb no\u017ee a jeden pro pohyb san\u00ed), kter\u00e9 umo\u017e\u0148uj\u00ed ru\u010dn\u00ed i automatick\u00e9 kr\u00e1jen\u00ed. Krom\u011b toho je tak\u00e9 mo\u017en\u00e9 regulovat zdvih san\u00ed tak, aby byl zdvih p\u0159izp\u016fsoben velikosti \u0159ezan\u00e9ho materi\u00e1lu. Stroj je vybaven po\u010d\u00edtadlem.<\/p>\n","protected":false},"excerpt":{"rendered":"<table width=\"693\">\n<tbody>\n<tr>\n<td width=\"397\"><strong>Model<\/strong><\/td>\n<td><strong>A 300\/CL<\/strong><\/td>\n<\/tr>\n<tr>\n<td width=\"397\"><strong>N\u016f\u017e<\/strong><\/td>\n<td>\u00f8\u00a0300 mm<\/td>\n<\/tr>\n<tr>\n<td width=\"397\"><strong>Ot\u00e1\u010dky no\u017ee<\/strong><\/td>\n<td>300 ot\/min<\/td>\n<\/tr>\n<tr>\n<td width=\"397\"><strong>Motor V.220 <\/strong><\/td>\n<td>0,390 kw<\/td>\n<\/tr>\n<tr>\n<td width=\"397\"><strong>Zdvih san\u00ed<\/strong><\/td>\n<td>350 mm<\/td>\n<\/tr>\n<tr>\n<td width=\"397\"><strong>Max. tlou\u0161\u0165ka pl\u00e1tku<\/strong><\/td>\n<td>14 mm<\/td>\n<\/tr>\n<tr>\n<td width=\"397\"><strong>Max. velikost kr\u00e1jen\u00e9ho zbo\u017e\u00ed<\/strong><\/td>\n<td>\u00f8\u00a0 215 mm<\/p>\n<p>210\u00d7305 mm<\/td>\n<\/tr>\n<tr>\n<td width=\"397\"><strong>Hmotnost<\/strong><\/td>\n<td>\u00a046 kg<\/td>\n<\/tr>\n<tr>\n<td width=\"397\"><strong>V\u00fd\u0161ka<\/strong><\/td>\n<td>\u00a0850 mm<\/td>\n<\/tr>\n<tr>\n<td width=\"397\"><strong>\u0160\u00ed\u0159ka<\/strong><\/td>\n<td>\u00a0665 mm<\/td>\n<\/tr>\n<tr>\n<td width=\"397\"><strong>Hloubka<\/strong><\/td>\n<td>\u00a0980 mm<\/td>\n<\/tr>\n<\/tbody>\n<\/table>\n","protected":false},"featured_media":1052,"comment_status":"closed","ping_status":"closed","template":"","meta":[],"product_cat":[45,87,40,43,42],"product_tag":[],"class_list":{"0":"post-1051","1":"product","2":"type-product","3":"status-publish","4":"has-post-thumbnail","6":"product_cat-narezove-stroje","7":"product_cat-sikme-narezove-stroje","8":"product_cat-stroje","9":"product_cat-stroje-pro-gastronomii","10":"product_cat-stroje-pro-prodejny","12":"first","13":"onbackorder","14":"taxable","15":"shipping-taxable","16":"product-type-simple"},"_links":{"self":[{"href":"https:\/\/www.cz-lindbergh.cz\/index.php?rest_route=\/wp\/v2\/product\/1051","targetHints":{"allow":["GET"]}}],"collection":[{"href":"https:\/\/www.cz-lindbergh.cz\/index.php?rest_route=\/wp\/v2\/product"}],"about":[{"href":"https:\/\/www.cz-lindbergh.cz\/index.php?rest_route=\/wp\/v2\/types\/product"}],"replies":[{"embeddable":true,"href":"https:\/\/www.cz-lindbergh.cz\/index.php?rest_route=%2Fwp%2Fv2%2Fcomments&post=1051"}],"wp:featuredmedia":[{"embeddable":true,"href":"https:\/\/www.cz-lindbergh.cz\/index.php?rest_route=\/wp\/v2\/media\/1052"}],"wp:attachment":[{"href":"https:\/\/www.cz-lindbergh.cz\/index.php?rest_route=%2Fwp%2Fv2%2Fmedia&parent=1051"}],"wp:term":[{"taxonomy":"product_cat","embeddable":true,"href":"https:\/\/www.cz-lindbergh.cz\/index.php?rest_route=%2Fwp%2Fv2%2Fproduct_cat&post=1051"},{"taxonomy":"product_tag","embeddable":true,"href":"https:\/\/www.cz-lindbergh.cz\/index.php?rest_route=%2Fwp%2Fv2%2Fproduct_tag&post=1051"}],"curies":[{"name":"wp","href":"https:\/\/api.w.org\/{rel}","templated":true}]}}