{"id":1204,"date":"2023-04-15T13:58:18","date_gmt":"2023-04-15T13:58:18","guid":{"rendered":"https:\/\/www.cz-lindbergh.cz\/?post_type=product&#038;p=1204"},"modified":"2023-04-15T13:58:18","modified_gmt":"2023-04-15T13:58:18","slug":"modularni-stroj-na-vyrobu-spizu","status":"publish","type":"product","link":"https:\/\/www.cz-lindbergh.cz\/?product=modularni-stroj-na-vyrobu-spizu","title":{"rendered":"Modul\u00e1rn\u00ed stroj na v\u00fdrobu \u0161p\u00edz\u016f"},"content":{"rendered":"<p><span>\u0160pejlovac\u00ed stroje modelu SPDE pou\u017e\u00edvaj\u00ed ty\u010dky s kruhov\u00fdm pr\u016f\u0159ezem, rovn\u00e9, s jedn\u00edm hrotem, kter\u00e9 se nakl\u00e1daj\u00ed bez <\/span><b><span>zastaven\u00ed<\/span><\/b><span>\u00a0stroje;\u00a0je mo\u017en\u00e9 vyrobit produkt s vy\u010dn\u00edvaj\u00edc\u00ed \u0161pi\u010dkou nebo uvnit\u0159 v\u00fdrobku.<\/span><\/p>\n<p><strong><span>D\u00e9lka<\/span><\/strong><span>\u00a0a\u00a0<\/span><strong><span>pr\u016fm\u011br<\/span><\/strong><span> \u0161pejl\u00ed jsou <\/span><strong><span>p\u0159izp\u016fsobiteln\u00e9<\/span><\/strong><span>\u00a0, stejn\u011b jako rozm\u011bry forem, kter\u00e9 mohou obsahovat 2, 3 nebo 4 \u0161pejle;\u00a0produktivita se pohybuje\u00a0<\/span><strong><span>od 3 600 do 7 200 \u0161p\u00edz\u016f\/h.<\/span><\/strong><\/p>\n<p><span>Formy\u00a0jsou\u00a0<strong>snadno vyj\u00edmateln\u00e9<\/strong> pro myt\u00ed a pro v\u00fdm\u011bnu za r\u016fzn\u00e9 jin\u00e9 formy <\/span><strong><span>.<\/span><\/strong><\/p>\n<p><span>Koncepce stroje umo\u017e\u0148uje snadnou a efektivn\u00ed\u00a0<\/span><strong><span>dezinfekci<\/span><\/strong><span>\u00a0, se zkr\u00e1cen\u00edm doby myt\u00ed a v ka\u017ed\u00e9m p\u0159\u00edpad\u011b provoz naprosto bezpe\u010dn\u00fd.<\/span><\/p>\n<p><span>Modul\u00e1rn\u00ed struktura \u0161pejl\u00edc\u00edho stroje\u00a0<\/span><strong><span>SPDE<\/span><\/strong><span>\u00a0umo\u017e\u0148uje implementaci, kdy\u017e se pot\u0159eby v\u00fdroby li\u0161\u00ed, dokonce i na stroj\u00edch, kter\u00e9 jsou ji\u017e v provozu;\u00a0je tak mo\u017en\u00e9 m\u00edt lo\u017en\u00e9 plochy dlouh\u00e9 1,5 \u2013 3 \u2013 4,5 a 6 metr\u016f p\u0159i zachov\u00e1n\u00ed p\u0159esnosti polohov\u00e1n\u00ed forem ve stanici pro vkl\u00e1d\u00e1n\u00ed ty\u010d\u00ed d\u00edky bezkart\u00e1\u010dov\u00e9 motorizaci.<\/span><\/p>\n<p><span>Verze\u00a0<\/span><strong><span>SPDE-G<\/span><\/strong><span>\u00a0si porad\u00ed s\u00a0<\/span><strong><span>&#8222;golfov\u00fdmi&#8220; holemi<\/span><\/strong><span>\u00a0, kter\u00e9 lze nab\u00edjet za chodu stroje.\u00a0Je mo\u017en\u00e9 vyrobit \u0161pejle s nebo bez \u0161pi\u010dky vy\u010dn\u00edvaj\u00edc\u00ed z v\u00fdrobku.<\/span><\/p>\n<p><strong>Na\u0161e \u0161p\u00edzov\u00e9 \u200b\u200bstroje \u0159ady SPDE<\/strong>\u00a0je mo\u017en\u00e9 vybavit\u00a0uspo\u0159\u00e1dan\u00fdm\u00a0<strong>vytahovac\u00edm za\u0159\u00edzen\u00edm<\/strong> \u0161p\u00edz\u016f, pro jejich automatick\u00e9 zav\u00e1d\u011bn\u00ed do t\u00e1c\u016f ur\u010den\u00fdch pro kone\u010dn\u00e9ho spot\u0159ebitele, a to jak zm\u011bnou po\u010dtu \u0161p\u00edz\u016f z jednoho balen\u00ed do druh\u00e9ho, tak i zdvojen\u00edm vrstvy<\/p>\n<div style=\"width: 1140px;\" class=\"wp-video\"><video class=\"wp-video-shortcode\" id=\"video-1204-1\" width=\"1140\" height=\"641\" preload=\"metadata\" controls=\"controls\"><source type=\"video\/mp4\" src=\"https:\/\/www.cz-lindbergh.cz\/wp-content\/uploads\/2023\/04\/SPDE-2023-logo-nuovo.mp4?_=1\" \/><a href=\"https:\/\/www.cz-lindbergh.cz\/wp-content\/uploads\/2023\/04\/SPDE-2023-logo-nuovo.mp4\">https:\/\/www.cz-lindbergh.cz\/wp-content\/uploads\/2023\/04\/SPDE-2023-logo-nuovo.mp4<\/a><\/video><\/div>\n<div style=\"width: 1140px;\" class=\"wp-video\"><video class=\"wp-video-shortcode\" id=\"video-1204-2\" width=\"1140\" height=\"641\" preload=\"metadata\" controls=\"controls\"><source type=\"video\/mp4\" src=\"https:\/\/www.cz-lindbergh.cz\/wp-content\/uploads\/2023\/04\/SPDE-prodotto-congelato.mp4?_=2\" \/><a href=\"https:\/\/www.cz-lindbergh.cz\/wp-content\/uploads\/2023\/04\/SPDE-prodotto-congelato.mp4\">https:\/\/www.cz-lindbergh.cz\/wp-content\/uploads\/2023\/04\/SPDE-prodotto-congelato.mp4<\/a><\/video><\/div>\n<p>produkt\u016f.<\/p>\n","protected":false},"excerpt":{"rendered":"<p>\u0160pejlovac\u00ed stroje modelu SPDE pou\u017e\u00edvaj\u00ed ty\u010dky s kruhov\u00fdm pr\u016f\u0159ezem, rovn\u00e9, s jedn\u00edm hrotem, kter\u00e9 se nakl\u00e1daj\u00ed bez zastaven\u00ed\u00a0stroje;\u00a0je mo\u017en\u00e9 vyrobit&hellip;<\/p>\n","protected":false},"featured_media":1205,"comment_status":"closed","ping_status":"closed","template":"","meta":[],"product_cat":[48,41,40],"product_tag":[],"class_list":{"0":"post-1204","1":"product","2":"type-product","3":"status-publish","4":"has-post-thumbnail","6":"product_cat-automatizovane-systemy","7":"product_cat-reznicke-stroje","8":"product_cat-stroje","10":"first","11":"onbackorder","12":"taxable","13":"shipping-taxable","14":"product-type-simple"},"_links":{"self":[{"href":"https:\/\/www.cz-lindbergh.cz\/index.php?rest_route=\/wp\/v2\/product\/1204","targetHints":{"allow":["GET"]}}],"collection":[{"href":"https:\/\/www.cz-lindbergh.cz\/index.php?rest_route=\/wp\/v2\/product"}],"about":[{"href":"https:\/\/www.cz-lindbergh.cz\/index.php?rest_route=\/wp\/v2\/types\/product"}],"replies":[{"embeddable":true,"href":"https:\/\/www.cz-lindbergh.cz\/index.php?rest_route=%2Fwp%2Fv2%2Fcomments&post=1204"}],"wp:featuredmedia":[{"embeddable":true,"href":"https:\/\/www.cz-lindbergh.cz\/index.php?rest_route=\/wp\/v2\/media\/1205"}],"wp:attachment":[{"href":"https:\/\/www.cz-lindbergh.cz\/index.php?rest_route=%2Fwp%2Fv2%2Fmedia&parent=1204"}],"wp:term":[{"taxonomy":"product_cat","embeddable":true,"href":"https:\/\/www.cz-lindbergh.cz\/index.php?rest_route=%2Fwp%2Fv2%2Fproduct_cat&post=1204"},{"taxonomy":"product_tag","embeddable":true,"href":"https:\/\/www.cz-lindbergh.cz\/index.php?rest_route=%2Fwp%2Fv2%2Fproduct_tag&post=1204"}],"curies":[{"name":"wp","href":"https:\/\/api.w.org\/{rel}","templated":true}]}}