{"id":1212,"date":"2023-04-15T14:06:02","date_gmt":"2023-04-15T14:06:02","guid":{"rendered":"https:\/\/www.cz-lindbergh.cz\/?post_type=product&#038;p=1212"},"modified":"2023-04-15T14:06:02","modified_gmt":"2023-04-15T14:06:02","slug":"pakovy-kavovar","status":"publish","type":"product","link":"https:\/\/www.cz-lindbergh.cz\/?product=pakovy-kavovar","title":{"rendered":"P\u00e1kov\u00fd k\u00e1vovar"},"content":{"rendered":"<p>P\u00e1kov\u00e9 k\u00e1vovary pro dom\u00e1cnost a mal\u00e9 gastro provozovny.<\/p>\n<p>Ud\u011blejte si k\u00e1vu doma na profesion\u00e1ln\u00ed \u00farovni. Nab\u00edz\u00edme ho ve t\u0159ech variant\u00e1ch.<\/p>\n<p>P\u00e1kov\u00e9 k\u00e1vovary <strong>EXPERT<\/strong> maj\u00ed \u0161t\u00edhl\u00fd, jednoduch\u00fd a z\u00e1sadn\u00ed design. Jsou zcela mechanick\u00e9, pouze s jednou p\u00e1kou a jedin\u00fd elektrick\u00fd \u010dl\u00e1nek slou\u017e\u00ed k oh\u0159evu vody.<\/p>\n<p><strong>Dostupn\u00e9 v barv\u00e1ch:<\/strong> oran\u017eov\u00e1, \u010derven\u00e1, \u017elut\u00e1, tab\u00e1kov\u00e1, \u010dern\u00e1, b\u00edl\u00e1, nerezov\u00e1 ocel a zlat\u00e1.<\/p>\n<p>&nbsp;<\/p>\n<p><strong>LUXURY<\/strong> Jedn\u00e1 se o jednop\u00e1kov\u00fd k\u00e1vovar zcela mechanick\u00fd.<\/p>\n<p>Vnit\u0159n\u00ed \u0159\u00eddic\u00ed jednotka monitoruje hladinu vody a varuje u\u017eivatele v p\u0159\u00edpad\u011b nedostatku vody. K\u00e1vovar na espresso m\u00e1 speci\u00e1ln\u00ed funkci: jakmile je dosa\u017eeno po\u017eadovan\u00e9 teploty, p\u0159\u00edstroj odpoj\u00ed nap\u00e1jen\u00ed. Za\u0159\u00edzen\u00ed si tak prodlu\u017euje \u017eivotnost. D\u00e1le vnit\u0159n\u00ed manometr m\u011b\u0159\u00ed teplotu kapalin a monitoruje tlak kotle. D\u00edky t\u00e9to funkci, jakmile stroj dos\u00e1hne spr\u00e1vn\u00e9ho tlaku, z\u00edsk\u00e1te lahodnou k\u00e1vu espresso.<\/p>\n<p>Nav\u00edc m\u00e1 dv\u011b trysky: jednu pro p\u00e1ru a druhou pro okam\u017eitou<\/p>\n<p>horkou vodu.<\/p>\n<p><strong>\u00a0Dostupn\u00e9 v barv\u00e1ch:<\/strong><\/p>\n<p>oran\u017eov\u00e1, \u010derven\u00e1, \u017elut\u00e1, b\u00edl\u00e1, \u010dern\u00e1, tab\u00e1kov\u00e1, nerezov\u00e1 ocel.<\/p>\n<p>&nbsp;<\/p>\n<p><strong>DOUBLE<\/strong> <strong>LUXURY <\/strong>Je kompletn\u011b mechanick\u00fd, m\u00e1 dva p\u00e1kov\u00e9 mechanismy a vnit\u0159n\u00ed jednotku, kter\u00e1 automaticky upozor\u0148uje u\u017eivatele na nedostatek vody. Nav\u00edc je vybaven p\u0159\u00edstrojem, kter\u00fd umo\u017e\u0148uje m\u011b\u0159it teplotu vody a manometrem, kter\u00fd je u\u017eite\u010dn\u00fd pro kontrolu tlaku v kotli. Syst\u00e9m umo\u017e\u0148uje distribuci vody do dvou p\u00e1k.<\/p>\n<p>D\u00edky tomuto mechanismu je mo\u017en\u00e9 p\u0159ipravit 100 a\u017e 150 k\u00e1v denn\u011b.<\/p>\n<p><strong>\u00a0Dostupn\u00e9 v barv\u00e1ch:<\/strong><\/p>\n<p>oran\u017eov\u00e1, \u010derven\u00e1, \u017elut\u00e1, b\u00edl\u00e1, \u010dern\u00e1, tab\u00e1kov\u00e1, nerezov\u00e1 ocel.<\/p>\n","protected":false},"excerpt":{"rendered":"<p>P\u00e1kov\u00e9 k\u00e1vovary pro dom\u00e1cnost a mal\u00e9 gastro provozovny. Ud\u011blejte si k\u00e1vu doma na profesion\u00e1ln\u00ed \u00farovni. Nab\u00edz\u00edme ho ve t\u0159ech variant\u00e1ch.&hellip;<\/p>\n","protected":false},"featured_media":1213,"comment_status":"closed","ping_status":"closed","template":"","meta":[],"product_cat":[40,43],"product_tag":[],"class_list":{"0":"post-1212","1":"product","2":"type-product","3":"status-publish","4":"has-post-thumbnail","6":"product_cat-stroje","7":"product_cat-stroje-pro-gastronomii","9":"first","10":"onbackorder","11":"taxable","12":"shipping-taxable","13":"product-type-simple"},"_links":{"self":[{"href":"https:\/\/www.cz-lindbergh.cz\/index.php?rest_route=\/wp\/v2\/product\/1212","targetHints":{"allow":["GET"]}}],"collection":[{"href":"https:\/\/www.cz-lindbergh.cz\/index.php?rest_route=\/wp\/v2\/product"}],"about":[{"href":"https:\/\/www.cz-lindbergh.cz\/index.php?rest_route=\/wp\/v2\/types\/product"}],"replies":[{"embeddable":true,"href":"https:\/\/www.cz-lindbergh.cz\/index.php?rest_route=%2Fwp%2Fv2%2Fcomments&post=1212"}],"wp:featuredmedia":[{"embeddable":true,"href":"https:\/\/www.cz-lindbergh.cz\/index.php?rest_route=\/wp\/v2\/media\/1213"}],"wp:attachment":[{"href":"https:\/\/www.cz-lindbergh.cz\/index.php?rest_route=%2Fwp%2Fv2%2Fmedia&parent=1212"}],"wp:term":[{"taxonomy":"product_cat","embeddable":true,"href":"https:\/\/www.cz-lindbergh.cz\/index.php?rest_route=%2Fwp%2Fv2%2Fproduct_cat&post=1212"},{"taxonomy":"product_tag","embeddable":true,"href":"https:\/\/www.cz-lindbergh.cz\/index.php?rest_route=%2Fwp%2Fv2%2Fproduct_tag&post=1212"}],"curies":[{"name":"wp","href":"https:\/\/api.w.org\/{rel}","templated":true}]}}