{"id":677,"date":"2023-01-31T12:24:21","date_gmt":"2023-01-31T12:24:21","guid":{"rendered":"https:\/\/www.cz-lindbergh.cz\/?post_type=product&#038;p=677"},"modified":"2023-05-31T08:59:30","modified_gmt":"2023-05-31T08:59:30","slug":"hygrip-jednorazove-hygienicke-rukavice","status":"publish","type":"product","link":"https:\/\/www.cz-lindbergh.cz\/?product=hygrip-jednorazove-hygienicke-rukavice","title":{"rendered":"REIKO hygrip\u00ae Jednor\u00e1zov\u00e9 hygienick\u00e9 rukavice"},"content":{"rendered":"<p>Inovativn\u00ed rukavice hygrip\u00ae TPU jsou vhodn\u00e9 pro v\u0161echny potraviny. Testov\u00e1no tak\u00e9 jako opakovan\u011b pou\u017eiteln\u00fd produkt a jednozna\u010dn\u011b p\u0159ekra\u010duje po\u017eadavky na jednor\u00e1zov\u00e9 rukavice. Ochrann\u00e9 rukavice TPU se proto doporu\u010duj\u00ed zejm\u00e9na pro potravin\u00e1\u0159sk\u00fd pr\u016fmysl.<\/p>\n","protected":false},"excerpt":{"rendered":"<ul>\n<li><strong>vyrobeno z TPU f\u00f3lie (100% bez pr\u00e1\u0161ku)<\/strong><\/li>\n<li><strong>bez z\u00e1pachu \u2013 ide\u00e1ln\u00ed pro potravin\u00e1\u0159sk\u00fd pr\u016fmysl<\/strong><\/li>\n<li><strong>Kompatibilita \u2013 bez alergenn\u00edch\/senzibilizuj\u00edc\u00edch l\u00e1tek jako <\/strong><strong>latex, proteiny, pr\u00e1\u0161ek, silikon, zm\u011bk\u010dovadla<\/strong><\/li>\n<\/ul>\n<ul>\n<li><strong> D\u00e9lka: 260 &#8211; 270 mm (jin\u00e9 d\u00e9lky na vy\u017e\u00e1d\u00e1n\u00ed)<\/strong><\/li>\n<li><strong>Velikosti S | M | L | XL <\/strong>(<strong>jin\u00e9 d\u00e9lky na vy\u017e\u00e1d\u00e1n\u00ed<\/strong>)<\/li>\n<li><strong>Barva: \u00a0\u00a0\u00a0 \u00a0<\/strong>(k dispozici v\u0161echny barvy podle Pantone\u00ae (v z\u00e1vislosti na mno\u017estv\u00ed))<\/li>\n<\/ul>\n","protected":false},"featured_media":388,"comment_status":"closed","ping_status":"closed","template":"","meta":[],"product_cat":[68,39],"product_tag":[],"class_list":{"0":"post-677","1":"product","2":"type-product","3":"status-publish","4":"has-post-thumbnail","6":"product_cat-jednorazove-rukavice","7":"product_cat-ochranne-pomucky-reiko","9":"first","10":"onbackorder","11":"taxable","12":"shipping-taxable","13":"product-type-simple"},"_links":{"self":[{"href":"https:\/\/www.cz-lindbergh.cz\/index.php?rest_route=\/wp\/v2\/product\/677","targetHints":{"allow":["GET"]}}],"collection":[{"href":"https:\/\/www.cz-lindbergh.cz\/index.php?rest_route=\/wp\/v2\/product"}],"about":[{"href":"https:\/\/www.cz-lindbergh.cz\/index.php?rest_route=\/wp\/v2\/types\/product"}],"replies":[{"embeddable":true,"href":"https:\/\/www.cz-lindbergh.cz\/index.php?rest_route=%2Fwp%2Fv2%2Fcomments&post=677"}],"wp:featuredmedia":[{"embeddable":true,"href":"https:\/\/www.cz-lindbergh.cz\/index.php?rest_route=\/wp\/v2\/media\/388"}],"wp:attachment":[{"href":"https:\/\/www.cz-lindbergh.cz\/index.php?rest_route=%2Fwp%2Fv2%2Fmedia&parent=677"}],"wp:term":[{"taxonomy":"product_cat","embeddable":true,"href":"https:\/\/www.cz-lindbergh.cz\/index.php?rest_route=%2Fwp%2Fv2%2Fproduct_cat&post=677"},{"taxonomy":"product_tag","embeddable":true,"href":"https:\/\/www.cz-lindbergh.cz\/index.php?rest_route=%2Fwp%2Fv2%2Fproduct_tag&post=677"}],"curies":[{"name":"wp","href":"https:\/\/api.w.org\/{rel}","templated":true}]}}