{"id":705,"date":"2023-01-31T14:03:35","date_gmt":"2023-01-31T14:03:35","guid":{"rendered":"https:\/\/www.cz-lindbergh.cz\/?post_type=product&#038;p=705"},"modified":"2023-05-31T08:49:16","modified_gmt":"2023-05-31T08:49:16","slug":"meshflex-standard-protipropichova-rukavice","status":"publish","type":"product","link":"https:\/\/www.cz-lindbergh.cz\/?product=meshflex-standard-protipropichova-rukavice","title":{"rendered":"REIKO meshFlex\u00ae STANDARD Protipropichov\u00e1 rukavice"},"content":{"rendered":"<p><strong>\u00a0\u00a0\u00a0\u00a0\u00a0\u00a0\u00a0\u00a0\u00a0\u00a0\u00a0\u00a0 Vyrobeno z nerezov\u00e9 kruhov\u00e9 s\u00ed\u0165oviny s vym\u011bniteln\u00fdm TPU plastov\u00fdm p\u00e1skem a <\/strong><\/p>\n<p><strong>\u00a0\u00a0\u00a0\u00a0\u00a0\u00a0\u00a0\u00a0\u00a0\u00a0\u00a0\u00a0 detekovatelnou nerezovou krou\u017ekovou s\u00ed\u0165ovinou. Ergo-Fit-System nab\u00edz\u00ed nejvy\u0161\u0161\u00ed komfort <\/strong><\/p>\n<p><strong>\u00a0\u00a0\u00a0\u00a0\u00a0\u00a0\u00a0\u00a0\u00a0\u00a0\u00a0\u00a0 no\u0161en\u00ed a d\u00edky men\u0161\u00ed s\u00ed\u0165ovin\u011b z nerezov\u00e9 oceli (\u00d8 krou\u017eku: 3,8 mm) ve srovn\u00e1n\u00ed s jin\u00fdmi <\/strong><\/p>\n<p><strong>\u00a0\u00a0\u00a0\u00a0\u00a0\u00a0\u00a0\u00a0\u00a0\u00a0\u00a0\u00a0 rukavicemi nab\u00edz\u00ed optim\u00e1ln\u00ed ochranu proti prop\u00edchnut\u00ed a pro\u0159\u00edznut\u00ed. Model STANDARD je k <\/strong><\/p>\n<p><strong>\u00a0\u00a0\u00a0\u00a0\u00a0\u00a0\u00a0\u00a0\u00a0\u00a0\u00a0\u00a0 dispozici v r\u016fzn\u00fdch d\u00e9lk\u00e1ch man\u017eety. Osv\u011bd\u010den\u00fd a kvalitn\u00ed patentn\u00ed uz\u00e1v\u011br usnad\u0148uje <\/strong><\/p>\n<p><strong>\u00a0\u00a0\u00a0\u00a0\u00a0\u00a0\u00a0\u00a0\u00a0\u00a0\u00a0\u00a0 nasazov\u00e1n\u00ed a sund\u00e1v\u00e1n\u00ed rukavic. TPU uzav\u00edrac\u00ed p\u00e1sek lze nav\u00edc snadno vym\u011bnit (bez n\u00e1\u0159ad\u00ed).<\/strong><\/p>\n<p><strong>\u00a0\u00a0\u00a0\u00a0\u00a0 \u00a0\u00a0\u00a0\u00a0\u00a0\u00a0\u00a0To tak\u00e9 umo\u017e\u0148uje lev\u00e1k\u016fm rychle a snadno oto\u010dit rukavici<\/strong><\/p>\n","protected":false},"excerpt":{"rendered":"<p><strong>Men\u0161\u00ed a \u00fa\u010dinn\u011bj\u0161\u00ed krou\u017ekov\u00e1 s\u00ed\u0165 z nerezov\u00e9 oceli ne\u017e zn\u00e1m\u00e9 rukavice<\/strong><\/p>\n<ul>\n<li><strong>EFS \u2013 ErgoFitSystem pro lep\u0161\u00ed uchopen\u00ed a dokonal\u00e9 padnut\u00ed<\/strong><\/li>\n<li><strong>detekovateln\u00e9<\/strong><\/li>\n<li><strong>pln\u011b hygienick\u00e1 a snadno se udr\u017euje<\/strong><\/li>\n<li><strong>Elastick\u00fd a m\u011bkk\u00fd plastov\u00fd uzav\u00edrac\u00ed p\u00e1sek<\/strong><\/li>\n<li><strong>Lze nosit na obou stran\u00e1ch (<\/strong>snadn\u00e9 p\u0159ep\u00edn\u00e1n\u00ed zleva doprava nebo naopak, bez n\u00e1\u0159ad\u00ed<strong>)<\/strong><\/li>\n<li><strong>Jednoduch\u00e9 zav\u00edr\u00e1n\u00ed s osv\u011bd\u010denou technologi\u00ed tla\u010d\u00edtka pro p\u0159esn\u00e9 nastaven\u00ed a z\u00e1rove\u0148 vhodn\u00e9 pro rychl\u00e9 nouzov\u00e9 sund\u00e1n\u00ed<\/strong><\/li>\n<li><strong>snadn\u00e1 v\u00fdm\u011bna uzav\u00edrac\u00edho p\u00e1sku s osv\u011bd\u010denou technologi\u00ed <\/strong><strong>tla\u010d\u00edtka (<\/strong>nen\u00ed pot\u0159eba \u017e\u00e1dn\u00e9 n\u00e1\u0159ad\u00ed<strong>)<\/strong><\/li>\n<\/ul>\n<ul>\n<li><strong>pru\u017en\u00e9 plastov\u00e9 ty\u010de (rukavice)<\/strong><\/li>\n<li><strong>S\u00e9riov\u00e9 \u010d\u00edslo (voliteln\u00e9 ozna\u010den\u00ed \u010d\u00e1rov\u00fdm k\u00f3dem)<\/strong><\/li>\n<li><strong>RFID-Chip voliteln\u00fd<\/strong><\/li>\n<li><strong>CE certifikov\u00e1no podle DIN EN 1082-1<\/strong><\/li>\n<li><strong>DIN EN 1811<\/strong><\/li>\n<li><strong>Varianty: bez man\u017eety, s man\u017eetou 16 cm a s man\u017eetou 20 cm<\/strong><\/li>\n<li><strong>Ozna\u010den\u00ed velikosti na man\u017eet\u011b dle Euronormy\u00a0\u00a0\u00a0\u00a0\u00a0\u00a0\u00a0\u00a0\u00a0\u00a0\u00a0\u00a0\u00a0\u00a0\u00a0\u00a0\u00a0\u00a0\u00a0\u00a0\u00a0\u00a0\u00a0\u00a0\u00a0\u00a0 <\/strong>XXS (5)\u00a0\u00a0\u00a0\u00a0\u00a0\u00a0\u00a0\u00a0 XS (6)\u00a0\u00a0\u00a0\u00a0\u00a0\u00a0\u00a0\u00a0 S (7)\u00a0\u00a0\u00a0\u00a0\u00a0\u00a0\u00a0\u00a0 M (8)\u00a0\u00a0\u00a0\u00a0\u00a0\u00a0\u00a0 L (9)\u00a0\u00a0\u00a0\u00a0\u00a0\u00a0\u00a0\u00a0 XL (10)\u00a0\u00a0\u00a0\u00a0\u00a0\u00a0\u00a0\u00a0 XXL (11)<\/li>\n<\/ul>\n","protected":false},"featured_media":379,"comment_status":"closed","ping_status":"closed","template":"","meta":[],"product_cat":[39,51,69],"product_tag":[],"class_list":{"0":"post-705","1":"product","2":"type-product","3":"status-publish","4":"has-post-thumbnail","6":"product_cat-ochranne-pomucky-reiko","7":"product_cat-protiporezove-a-protipropichove-pomucky","8":"product_cat-protipropichove-rukavice","10":"first","11":"onbackorder","12":"taxable","13":"shipping-taxable","14":"product-type-simple"},"_links":{"self":[{"href":"https:\/\/www.cz-lindbergh.cz\/index.php?rest_route=\/wp\/v2\/product\/705","targetHints":{"allow":["GET"]}}],"collection":[{"href":"https:\/\/www.cz-lindbergh.cz\/index.php?rest_route=\/wp\/v2\/product"}],"about":[{"href":"https:\/\/www.cz-lindbergh.cz\/index.php?rest_route=\/wp\/v2\/types\/product"}],"replies":[{"embeddable":true,"href":"https:\/\/www.cz-lindbergh.cz\/index.php?rest_route=%2Fwp%2Fv2%2Fcomments&post=705"}],"wp:featuredmedia":[{"embeddable":true,"href":"https:\/\/www.cz-lindbergh.cz\/index.php?rest_route=\/wp\/v2\/media\/379"}],"wp:attachment":[{"href":"https:\/\/www.cz-lindbergh.cz\/index.php?rest_route=%2Fwp%2Fv2%2Fmedia&parent=705"}],"wp:term":[{"taxonomy":"product_cat","embeddable":true,"href":"https:\/\/www.cz-lindbergh.cz\/index.php?rest_route=%2Fwp%2Fv2%2Fproduct_cat&post=705"},{"taxonomy":"product_tag","embeddable":true,"href":"https:\/\/www.cz-lindbergh.cz\/index.php?rest_route=%2Fwp%2Fv2%2Fproduct_tag&post=705"}],"curies":[{"name":"wp","href":"https:\/\/api.w.org\/{rel}","templated":true}]}}