{"id":713,"date":"2023-01-31T14:23:30","date_gmt":"2023-01-31T14:23:30","guid":{"rendered":"https:\/\/www.cz-lindbergh.cz\/?post_type=product&#038;p=713"},"modified":"2023-05-31T08:46:46","modified_gmt":"2023-05-31T08:46:46","slug":"meshflex-protipropichove-bolero-s-rukavem-vlevo-nebo-vpravo","status":"publish","type":"product","link":"https:\/\/www.cz-lindbergh.cz\/?product=meshflex-protipropichove-bolero-s-rukavem-vlevo-nebo-vpravo","title":{"rendered":"REIKO meshFlex\u00ae Protipropichov\u00e9 bolero s ruk\u00e1vem (vlevo nebo vpravo)"},"content":{"rendered":"<p>meshFlex\u00ae bolera na ochranu proti bodnut\u00ed pro roz\u0161\u00ed\u0159enou ochranu oblasti ramen, krku a\u00a0 hrudn\u00edku. Syst\u00e9m Ergo-Fit zaji\u0161\u0165uje optim\u00e1ln\u00ed p\u0159izp\u016fsoben\u00ed a rozlo\u017een\u00ed hmotnosti. Bolero meshFlex\u00ae na ochranu proti bodnut\u00ed je tak\u00e9 dostupn\u00e9 s jedn\u00edm ruk\u00e1vem (lev\u00fd nebo prav\u00fd). Speci\u00e1ln\u00ed man\u017eety zaji\u0161\u0165uj\u00ed, \u017ee bolero velmi dob\u0159e sed\u00ed. Detekovatelnost je dal\u0161\u00ed v\u00fdhodou.<\/p>\n","protected":false},"excerpt":{"rendered":"<ul>\n<li><strong>men\u0161\u00ed a \u00fa\u010dinn\u011bj\u0161\u00ed nerezov\u00e1 kruhov\u00e1 s\u00ed\u0165ka <\/strong><strong>ne\u017e zn\u00e1m\u00e1 bolera (\u00d8 krou\u017eku: 3,8 mm)<\/strong><\/li>\n<\/ul>\n<ul>\n<li><strong>detekovateln\u00e9<\/strong><\/li>\n<li><strong>lehk\u00e9 a pohodln\u00e9 na no\u0161en\u00ed<\/strong><\/li>\n<li><strong>snadn\u00e1 \u00fadr\u017eba a \u010di\u0161t\u011bn\u00ed bez zbytk\u016f<\/strong><\/li>\n<li><strong>Nastaviteln\u00fd, robustn\u00ed a pohodln\u00fd bedern\u00ed p\u00e1s z TPU<\/strong><\/li>\n<li><strong>Seriov\u00e9 \u010d\u00edslo<\/strong><\/li>\n<\/ul>\n<p>(Ozna\u010den\u00ed \u010d\u00e1rov\u00fdm k\u00f3dem voliteln\u00e9)<\/p>\n<ul>\n<li><strong>RFID-Chip voliteln\u011b<\/strong><\/li>\n<li><strong>Velikosti: 80&#215;45 cm, 90&#215;55 cm, 100&#215;65 cm<\/strong><\/li>\n<li><strong>CE certifikov\u00e1no podle DIN EN ISO 13998:2003\/05 <\/strong><strong>(V\u00fdkonnostn\u00ed t\u0159\u00edda 2)<\/strong><\/li>\n<li><strong>DIN EN 1811<\/strong><\/li>\n<\/ul>\n","protected":false},"featured_media":714,"comment_status":"closed","ping_status":"closed","template":"","meta":[],"product_cat":[39,51,71],"product_tag":[],"class_list":{"0":"post-713","1":"product","2":"type-product","3":"status-publish","4":"has-post-thumbnail","6":"product_cat-ochranne-pomucky-reiko","7":"product_cat-protiporezove-a-protipropichove-pomucky","8":"product_cat-protipropichove-bolero","10":"first","11":"onbackorder","12":"taxable","13":"shipping-taxable","14":"product-type-simple"},"_links":{"self":[{"href":"https:\/\/www.cz-lindbergh.cz\/index.php?rest_route=\/wp\/v2\/product\/713","targetHints":{"allow":["GET"]}}],"collection":[{"href":"https:\/\/www.cz-lindbergh.cz\/index.php?rest_route=\/wp\/v2\/product"}],"about":[{"href":"https:\/\/www.cz-lindbergh.cz\/index.php?rest_route=\/wp\/v2\/types\/product"}],"replies":[{"embeddable":true,"href":"https:\/\/www.cz-lindbergh.cz\/index.php?rest_route=%2Fwp%2Fv2%2Fcomments&post=713"}],"wp:featuredmedia":[{"embeddable":true,"href":"https:\/\/www.cz-lindbergh.cz\/index.php?rest_route=\/wp\/v2\/media\/714"}],"wp:attachment":[{"href":"https:\/\/www.cz-lindbergh.cz\/index.php?rest_route=%2Fwp%2Fv2%2Fmedia&parent=713"}],"wp:term":[{"taxonomy":"product_cat","embeddable":true,"href":"https:\/\/www.cz-lindbergh.cz\/index.php?rest_route=%2Fwp%2Fv2%2Fproduct_cat&post=713"},{"taxonomy":"product_tag","embeddable":true,"href":"https:\/\/www.cz-lindbergh.cz\/index.php?rest_route=%2Fwp%2Fv2%2Fproduct_tag&post=713"}],"curies":[{"name":"wp","href":"https:\/\/api.w.org\/{rel}","templated":true}]}}