{"id":740,"date":"2023-01-31T15:03:29","date_gmt":"2023-01-31T15:03:29","guid":{"rendered":"https:\/\/www.cz-lindbergh.cz\/?post_type=product&#038;p=740"},"modified":"2023-05-31T08:35:36","modified_gmt":"2023-05-31T08:35:36","slug":"aprotex-termo-bunda","status":"publish","type":"product","link":"https:\/\/www.cz-lindbergh.cz\/?product=aprotex-termo-bunda","title":{"rendered":"REIKO aproTex\u00ae Termo bunda"},"content":{"rendered":"<p><strong>Zateplen\u00e1 bunda aproTex\u00ae je v\u011btruodoln\u00fd a izoluj\u00edc\u00ed pr\u00e9miov\u00fd od\u011bv na ochranu proti chladu pro vnit\u0159n\u00ed i venkovn\u00ed pou\u017eit\u00ed v potravin\u00e1\u0159sk\u00e9m pr\u016fmyslu. Je speci\u00e1ln\u011b navr\u017een pro pr\u00e1ci v chladn\u00e9m prost\u0159ed\u00ed mezi 0 \u00b0C a 5 \u00b0C.<\/strong><\/p>\n","protected":false},"excerpt":{"rendered":"<ul>\n<li><strong>Ultrazvukov\u011b sva\u0159ovan\u00e1 polyesterov\u00e1 p\u0159ikr\u00fdvka s izola\u010dn\u00edm polyesterov\u00fdm vatov\u00e1n\u00edm <\/strong>(300 g\/m\u00b2)<\/li>\n<li><strong>M\u00edrn\u011b klesaj\u00edc\u00ed \u017eebrovan\u00fd l\u00edmec na vnit\u0159n\u00ed stran\u011b, <\/strong><strong>kter\u00fd t\u011bsn\u011b p\u0159il\u00e9h\u00e1 ke krku<\/strong><\/li>\n<\/ul>\n<ul>\n<li><strong>\u017debrovan\u00e9 man\u017eety na z\u00e1p\u011bst\u00edch<\/strong><\/li>\n<li><strong>Prodlou\u017een\u00e1 zadn\u00ed \u010d\u00e1st<\/strong><\/li>\n<li><strong>Vnit\u0159n\u00ed n\u00e1prsn\u00ed kapsa<\/strong><\/li>\n<li><strong>Zip<\/strong><\/li>\n<li><strong>Mo\u017enost pran\u00ed v pra\u010dce na 95\u00b0C<\/strong><\/li>\n<li><strong>Velikosti XS a\u017e 4XL<\/strong><\/li>\n<li><strong>Barva: b\u00edl\u00e1<\/strong><\/li>\n<\/ul>\n","protected":false},"featured_media":359,"comment_status":"closed","ping_status":"closed","template":"","meta":[],"product_cat":[57,39,66],"product_tag":[],"class_list":{"0":"post-740","1":"product","2":"type-product","3":"status-publish","4":"has-post-thumbnail","6":"product_cat-ochrana-proti-vlhku-a-chladu","7":"product_cat-ochranne-pomucky-reiko","8":"product_cat-termo-odevy","10":"first","11":"onbackorder","12":"taxable","13":"shipping-taxable","14":"product-type-simple"},"_links":{"self":[{"href":"https:\/\/www.cz-lindbergh.cz\/index.php?rest_route=\/wp\/v2\/product\/740","targetHints":{"allow":["GET"]}}],"collection":[{"href":"https:\/\/www.cz-lindbergh.cz\/index.php?rest_route=\/wp\/v2\/product"}],"about":[{"href":"https:\/\/www.cz-lindbergh.cz\/index.php?rest_route=\/wp\/v2\/types\/product"}],"replies":[{"embeddable":true,"href":"https:\/\/www.cz-lindbergh.cz\/index.php?rest_route=%2Fwp%2Fv2%2Fcomments&post=740"}],"wp:featuredmedia":[{"embeddable":true,"href":"https:\/\/www.cz-lindbergh.cz\/index.php?rest_route=\/wp\/v2\/media\/359"}],"wp:attachment":[{"href":"https:\/\/www.cz-lindbergh.cz\/index.php?rest_route=%2Fwp%2Fv2%2Fmedia&parent=740"}],"wp:term":[{"taxonomy":"product_cat","embeddable":true,"href":"https:\/\/www.cz-lindbergh.cz\/index.php?rest_route=%2Fwp%2Fv2%2Fproduct_cat&post=740"},{"taxonomy":"product_tag","embeddable":true,"href":"https:\/\/www.cz-lindbergh.cz\/index.php?rest_route=%2Fwp%2Fv2%2Fproduct_tag&post=740"}],"curies":[{"name":"wp","href":"https:\/\/api.w.org\/{rel}","templated":true}]}}

<p><strong>Zateplená bunda aproTex® je větruodolný a izolující prémiový oděv na ochranu proti chladu pro vnitřní i venkovní použití v potravinářském průmyslu. Je speciálně navržen pro práci v chladném prostředí mezi 0 °C a 5 °C.</strong></p>

<ul>
<li><strong>Ultrazvukově svařovaná polyesterová přikrývka s izolačním polyesterovým vatováním </strong>(300 g/m²)</li>
<li><strong>Mírně klesající žebrovaný límec na vnitřní straně, </strong><strong>který těsně přiléhá ke krku</strong></li>
</ul>
<ul>
<li><strong>Žebrované manžety na zápěstích</strong></li>
<li><strong>Prodloužená zadní část</strong></li>
<li><strong>Vnitřní náprsní kapsa</strong></li>
<li><strong>Zip</strong></li>
<li><strong>Možnost praní v pračce na 95°C</strong></li>
<li><strong>Velikosti XS až 4XL</strong></li>
<li><strong>Barva: bílá</strong></li>
</ul>
