{"id":742,"date":"2023-01-31T15:06:20","date_gmt":"2023-01-31T15:06:20","guid":{"rendered":"https:\/\/www.cz-lindbergh.cz\/?post_type=product&#038;p=742"},"modified":"2023-05-31T08:34:21","modified_gmt":"2023-05-31T08:34:21","slug":"aprotex-termo-kapuce","status":"publish","type":"product","link":"https:\/\/www.cz-lindbergh.cz\/?product=aprotex-termo-kapuce","title":{"rendered":"REIKO aproTex\u00ae Termo kapuce"},"content":{"rendered":"<p><strong>Pr\u00e9miov\u00fd od\u011bv na ochranu proti chladu\u00a0 <\/strong><strong>aproTex\u00ae zateplen\u00e1 kapuce specificky <\/strong><\/p>\n<p><strong>chr\u00e1n\u00ed hlavu, krk a oblast krku p\u0159ed v\u011btrem\u00a0 <\/strong><strong>a chladem ve v\u0161ech pracovn\u00edch oblastech <\/strong><\/p>\n<p><strong>potravin\u00e1\u0159sk\u00e9ho pr\u016fmyslu.<\/strong><\/p>\n","protected":false},"excerpt":{"rendered":"<ul>\n<li><strong>P\u0159il\u00e9hav\u00fd \u00faplet u krku<\/strong><\/li>\n<li><strong>Nastaviteln\u00e1 oblast brady pomoc\u00ed such\u00e9ho zipu<\/strong><\/li>\n<li><strong>Nastaviteln\u00e9 zorn\u00e9 pole pomoc\u00ed \u0161\u0148\u016frky<\/strong><\/li>\n<li><strong>reflexn\u00ed pruh na p\u0159edn\u00ed stran\u011b<\/strong><\/li>\n<li><strong>Mo\u017enost pran\u00ed v pra\u010dce na 95\u00b0C<\/strong><\/li>\n<li><strong>Velikost: univerz\u00e1ln\u00ed<\/strong><\/li>\n<li><strong>Barva: b\u00edl\u00e1<\/strong><\/li>\n<\/ul>\n","protected":false},"featured_media":361,"comment_status":"closed","ping_status":"closed","template":"","meta":[],"product_cat":[57,39,66],"product_tag":[],"class_list":{"0":"post-742","1":"product","2":"type-product","3":"status-publish","4":"has-post-thumbnail","6":"product_cat-ochrana-proti-vlhku-a-chladu","7":"product_cat-ochranne-pomucky-reiko","8":"product_cat-termo-odevy","10":"first","11":"onbackorder","12":"taxable","13":"shipping-taxable","14":"product-type-simple"},"_links":{"self":[{"href":"https:\/\/www.cz-lindbergh.cz\/index.php?rest_route=\/wp\/v2\/product\/742","targetHints":{"allow":["GET"]}}],"collection":[{"href":"https:\/\/www.cz-lindbergh.cz\/index.php?rest_route=\/wp\/v2\/product"}],"about":[{"href":"https:\/\/www.cz-lindbergh.cz\/index.php?rest_route=\/wp\/v2\/types\/product"}],"replies":[{"embeddable":true,"href":"https:\/\/www.cz-lindbergh.cz\/index.php?rest_route=%2Fwp%2Fv2%2Fcomments&post=742"}],"wp:featuredmedia":[{"embeddable":true,"href":"https:\/\/www.cz-lindbergh.cz\/index.php?rest_route=\/wp\/v2\/media\/361"}],"wp:attachment":[{"href":"https:\/\/www.cz-lindbergh.cz\/index.php?rest_route=%2Fwp%2Fv2%2Fmedia&parent=742"}],"wp:term":[{"taxonomy":"product_cat","embeddable":true,"href":"https:\/\/www.cz-lindbergh.cz\/index.php?rest_route=%2Fwp%2Fv2%2Fproduct_cat&post=742"},{"taxonomy":"product_tag","embeddable":true,"href":"https:\/\/www.cz-lindbergh.cz\/index.php?rest_route=%2Fwp%2Fv2%2Fproduct_tag&post=742"}],"curies":[{"name":"wp","href":"https:\/\/api.w.org\/{rel}","templated":true}]}}