{"id":872,"date":"2023-03-02T11:20:30","date_gmt":"2023-03-02T11:20:30","guid":{"rendered":"https:\/\/www.cz-lindbergh.cz\/?post_type=product&#038;p=872"},"modified":"2023-03-11T13:03:56","modified_gmt":"2023-03-11T13:03:56","slug":"retro-narezovy-stroj-370-85","status":"publish","type":"product","link":"https:\/\/www.cz-lindbergh.cz\/?product=retro-narezovy-stroj-370-85","title":{"rendered":"Retro n\u00e1\u0159ezov\u00fd stroj 370\/85"},"content":{"rendered":"<p>Ru\u010dn\u00ed setrva\u010dn\u00edkov\u00fd retro n\u00e1\u0159ezov\u00fd stroj s pr\u016fm\u011br no\u017ee 370 mm.<\/p>\n<p>Byl navr\u017een pro kr\u00e1jen\u00ed v\u0161ech druh\u016f uzen\u00e9ho masa a zvl\u00e1\u0161t\u011b uzen\u00e9 \u0161unky.<\/p>\n<p>Na p\u0159\u00e1n\u00ed m\u016f\u017ee b\u00fdt dod\u00e1n se stojanem, kter\u00fd je k dispozici ve 2 verz\u00edch, jedna kovov\u00e1 a jedna litinov\u00e1, ve stejn\u00e9 barv\u011b jako stroj.<\/p>\n","protected":false},"excerpt":{"rendered":"<p>Model\u00a0\u00a0\u00a0\u00a0\u00a0\u00a0\u00a0\u00a0\u00a0\u00a0\u00a0\u00a0\u00a0\u00a0\u00a0\u00a0\u00a0\u00a0\u00a0\u00a0 370\/85<\/p>\n<p>N\u016f\u017e\u00a0\u00a0\u00a0\u00a0\u00a0\u00a0\u00a0\u00a0\u00a0\u00a0\u00a0\u00a0\u00a0\u00a0\u00a0\u00a0\u00a0\u00a0\u00a0\u00a0\u00a0\u00a0\u00a0 \u00f8 370 mm<\/p>\n<p>Zdvih san\u00ed\u00a0\u00a0\u00a0\u00a0\u00a0\u00a0\u00a0\u00a0\u00a0\u00a0\u00a0\u00a0\u00a0 320 mm<\/p>\n<p>\u0160\u00ed\u0159ka pl\u00e1tku\u00a0\u00a0\u00a0\u00a0\u00a0\u00a0\u00a0\u00a0\u00a0\u00a0\u00a0 0 \u2013 2 mm<\/p>\n<p>Max. rozm\u011br\u00a0\u00a0\u00a0\u00a0\u00a0\u00a0\u00a0\u00a0\u00a0\u00a0 \u00f8 245 mm<\/p>\n<p>kr\u00e1jen\u00e9ho zbo\u017e\u00ed\u00a0\u00a0\u00a0\u00a0\u00a0 \u25a1 245 x 315 mm<\/p>\n<p>Hmotnost \u00a0\u00a0\u00a0\u00a0\u00a0\u00a0\u00a0\u00a0\u00a0\u00a0\u00a0\u00a0\u00a0 88 kg<\/p>\n<p>V\u00fd\u0161ka\u00a0\u00a0\u00a0\u00a0\u00a0\u00a0\u00a0\u00a0\u00a0\u00a0\u00a0\u00a0\u00a0\u00a0\u00a0\u00a0\u00a0\u00a0\u00a0\u00a0 880 mm<\/p>\n<p>\u0160\u00ed\u0159ka \u00a0\u00a0\u00a0\u00a0\u00a0\u00a0\u00a0\u00a0\u00a0\u00a0\u00a0\u00a0\u00a0\u00a0\u00a0\u00a0\u00a0\u00a0\u00a0\u00a0 950 mm<\/p>\n<p>Hloubka \u00a0\u00a0\u00a0\u00a0\u00a0\u00a0\u00a0\u00a0\u00a0\u00a0\u00a0\u00a0\u00a0\u00a0\u00a0 950 mm<\/p>\n","protected":false},"featured_media":874,"comment_status":"closed","ping_status":"closed","template":"","meta":[],"product_cat":[47,40,42],"product_tag":[],"class_list":{"0":"post-872","1":"product","2":"type-product","3":"status-publish","4":"has-post-thumbnail","6":"product_cat-retro-narezove-stroje","7":"product_cat-stroje","8":"product_cat-stroje-pro-prodejny","10":"first","11":"onbackorder","12":"taxable","13":"shipping-taxable","14":"product-type-simple"},"_links":{"self":[{"href":"https:\/\/www.cz-lindbergh.cz\/index.php?rest_route=\/wp\/v2\/product\/872","targetHints":{"allow":["GET"]}}],"collection":[{"href":"https:\/\/www.cz-lindbergh.cz\/index.php?rest_route=\/wp\/v2\/product"}],"about":[{"href":"https:\/\/www.cz-lindbergh.cz\/index.php?rest_route=\/wp\/v2\/types\/product"}],"replies":[{"embeddable":true,"href":"https:\/\/www.cz-lindbergh.cz\/index.php?rest_route=%2Fwp%2Fv2%2Fcomments&post=872"}],"wp:featuredmedia":[{"embeddable":true,"href":"https:\/\/www.cz-lindbergh.cz\/index.php?rest_route=\/wp\/v2\/media\/874"}],"wp:attachment":[{"href":"https:\/\/www.cz-lindbergh.cz\/index.php?rest_route=%2Fwp%2Fv2%2Fmedia&parent=872"}],"wp:term":[{"taxonomy":"product_cat","embeddable":true,"href":"https:\/\/www.cz-lindbergh.cz\/index.php?rest_route=%2Fwp%2Fv2%2Fproduct_cat&post=872"},{"taxonomy":"product_tag","embeddable":true,"href":"https:\/\/www.cz-lindbergh.cz\/index.php?rest_route=%2Fwp%2Fv2%2Fproduct_tag&post=872"}],"curies":[{"name":"wp","href":"https:\/\/api.w.org\/{rel}","templated":true}]}}