{"id":922,"date":"2023-03-02T12:26:57","date_gmt":"2023-03-02T12:26:57","guid":{"rendered":"https:\/\/www.cz-lindbergh.cz\/?post_type=product&#038;p=922"},"modified":"2023-03-11T12:56:21","modified_gmt":"2023-03-11T12:56:21","slug":"olivovy-kit","status":"publish","type":"product","link":"https:\/\/www.cz-lindbergh.cz\/?product=olivovy-kit","title":{"rendered":"Olivov\u00fd kit"},"content":{"rendered":"<p>Setrva\u010dn\u00edkov\u00e9 stroje mohou b\u00fdt vybaveny sadou knofl\u00edk\u016f z olivov\u00e9ho d\u0159eva.<\/p>\n","protected":false},"excerpt":{"rendered":"<p>Setrva\u010dn\u00edkov\u00e9 stroje mohou b\u00fdt vybaveny sadou knofl\u00edk\u016f z olivov\u00e9ho d\u0159eva.<\/p>\n","protected":false},"featured_media":923,"comment_status":"closed","ping_status":"closed","template":"","meta":[],"product_cat":[85,40,42],"product_tag":[],"class_list":{"0":"post-922","1":"product","2":"type-product","3":"status-publish","4":"has-post-thumbnail","6":"product_cat-prislusenstviapriplatkovavybava","7":"product_cat-stroje","8":"product_cat-stroje-pro-prodejny","10":"first","11":"onbackorder","12":"taxable","13":"shipping-taxable","14":"product-type-simple"},"_links":{"self":[{"href":"https:\/\/www.cz-lindbergh.cz\/index.php?rest_route=\/wp\/v2\/product\/922","targetHints":{"allow":["GET"]}}],"collection":[{"href":"https:\/\/www.cz-lindbergh.cz\/index.php?rest_route=\/wp\/v2\/product"}],"about":[{"href":"https:\/\/www.cz-lindbergh.cz\/index.php?rest_route=\/wp\/v2\/types\/product"}],"replies":[{"embeddable":true,"href":"https:\/\/www.cz-lindbergh.cz\/index.php?rest_route=%2Fwp%2Fv2%2Fcomments&post=922"}],"wp:featuredmedia":[{"embeddable":true,"href":"https:\/\/www.cz-lindbergh.cz\/index.php?rest_route=\/wp\/v2\/media\/923"}],"wp:attachment":[{"href":"https:\/\/www.cz-lindbergh.cz\/index.php?rest_route=%2Fwp%2Fv2%2Fmedia&parent=922"}],"wp:term":[{"taxonomy":"product_cat","embeddable":true,"href":"https:\/\/www.cz-lindbergh.cz\/index.php?rest_route=%2Fwp%2Fv2%2Fproduct_cat&post=922"},{"taxonomy":"product_tag","embeddable":true,"href":"https:\/\/www.cz-lindbergh.cz\/index.php?rest_route=%2Fwp%2Fv2%2Fproduct_tag&post=922"}],"curies":[{"name":"wp","href":"https:\/\/api.w.org\/{rel}","templated":true}]}}