{"id":961,"date":"2023-03-08T12:22:14","date_gmt":"2023-03-08T12:22:14","guid":{"rendered":"https:\/\/www.cz-lindbergh.cz\/?post_type=product&#038;p=961"},"modified":"2023-04-07T14:30:54","modified_gmt":"2023-04-07T14:30:54","slug":"gravitacni-narezovy-stroj-30e","status":"publish","type":"product","link":"https:\/\/www.cz-lindbergh.cz\/?product=gravitacni-narezovy-stroj-30e","title":{"rendered":"Gravita\u010dn\u00ed n\u00e1\u0159ezov\u00fd stroj 30E"},"content":{"rendered":"<p>Pr\u016fm\u011br no\u017ee 300 mm.<\/p>\n<p>Stroj se sklonem 45\u00b0.<\/p>\n<p>Mod.30E je ur\u010den pro mal\u00e9 provozy, kde je pot\u0159eba profesion\u00e1ln\u00ed v\u00fdkon na mal\u00e9m prostoru.<\/p>\n","protected":false},"excerpt":{"rendered":"<p>Pr\u016fm\u011br no\u017ee 300 mm. Stroj se sklonem 45\u00b0. Mod.30E je ur\u010den pro mal\u00e9 provozy, kde je pot\u0159eba profesion\u00e1ln\u00ed v\u00fdkon na&hellip;<\/p>\n","protected":false},"featured_media":962,"comment_status":"closed","ping_status":"closed","template":"","meta":[],"product_cat":[45,87,40,43,42],"product_tag":[],"class_list":{"0":"post-961","1":"product","2":"type-product","3":"status-publish","4":"has-post-thumbnail","6":"product_cat-narezove-stroje","7":"product_cat-sikme-narezove-stroje","8":"product_cat-stroje","9":"product_cat-stroje-pro-gastronomii","10":"product_cat-stroje-pro-prodejny","12":"first","13":"onbackorder","14":"taxable","15":"shipping-taxable","16":"product-type-simple"},"_links":{"self":[{"href":"https:\/\/www.cz-lindbergh.cz\/index.php?rest_route=\/wp\/v2\/product\/961","targetHints":{"allow":["GET"]}}],"collection":[{"href":"https:\/\/www.cz-lindbergh.cz\/index.php?rest_route=\/wp\/v2\/product"}],"about":[{"href":"https:\/\/www.cz-lindbergh.cz\/index.php?rest_route=\/wp\/v2\/types\/product"}],"replies":[{"embeddable":true,"href":"https:\/\/www.cz-lindbergh.cz\/index.php?rest_route=%2Fwp%2Fv2%2Fcomments&post=961"}],"wp:featuredmedia":[{"embeddable":true,"href":"https:\/\/www.cz-lindbergh.cz\/index.php?rest_route=\/wp\/v2\/media\/962"}],"wp:attachment":[{"href":"https:\/\/www.cz-lindbergh.cz\/index.php?rest_route=%2Fwp%2Fv2%2Fmedia&parent=961"}],"wp:term":[{"taxonomy":"product_cat","embeddable":true,"href":"https:\/\/www.cz-lindbergh.cz\/index.php?rest_route=%2Fwp%2Fv2%2Fproduct_cat&post=961"},{"taxonomy":"product_tag","embeddable":true,"href":"https:\/\/www.cz-lindbergh.cz\/index.php?rest_route=%2Fwp%2Fv2%2Fproduct_tag&post=961"}],"curies":[{"name":"wp","href":"https:\/\/api.w.org\/{rel}","templated":true}]}}